 Let a = p - 98. What is the tens digit of a?
8
Let q(m) = 445*m**3 + 5*m**2 - 41*m + 195. What is the thousands digit of q(5)?
5
Let n be 48/16*(-6)/9. What is the hundreds digit of (472 - -20)/((-3)/n)?
3
Let c(m) = 2*m + 40. Let y = 25 + -21. Let o = y - -14. What is the tens digit of c(o)?
7
Suppose -2*i + 7782 = 5*f, -f + 13*i + 1325 = -218. What is the hundreds digit of f?
5
Let h be (-12)/(-18) - 3/(-9). Let s be h/(-3)*(1 + -64) + -2. Suppose 2*n - 33 = -s. What is the units digit of n?
7
Let a(d) = 8*d - 46. Suppose 0 = f - c + 3 - 34, -4*f = 5*c - 142. Suppose -2*v + 4*m - 1 + f = 0, 4*m - 52 = -4*v. What is the units digit of a(v)?
6
Let c(i) = 693*i**2 + 55*i - 12. What is the units digit of c(5)?
8
Let l = -16 + 18. Let p = l - -2. Suppose 3*j - 338 = -p*m, -3*m + 8*m = -2*j + 426. What is the tens digit of m?
8
Suppose 4*a - 4863 = -i, -12*i + 7*i + 2427 = 2*a. Suppose 11*z - 13*z + a = 0. What is the units digit of z?
8
Suppose -5*a - 2*m = -102, 18*a = 15*a - 3*m + 63. Suppose 3*p + 0*p - 181 = 5*o, -4*o - a = 0. What is the tens digit of p?
5
Let w be 1570/4 - (-6)/(-8)*-2. Suppose o + 3*x - 146 = 0, -4*o = -x - w - 177. Let i = o + -52. What is the units digit of i?
1
Suppose 6*d = -2*d + 16. Suppose r + d*r - 432 = -3*h, -2*h - 588 = -4*r. Let c = 267 - r. What is the units digit of c?
1
What is the units digit of (-20 + 5)/(-5)*1567?
1
Suppose 0 = 6*y - 5*y - 21. Suppose -30 = 6*s - y*s. What is the units digit of s/(3*(-6)/(-279))?
1
Let g be -26 + 17 + -2 + -668. Let r = g - -2236. What is the units digit of r?
7
Suppose -2*y - 2*p = 17358 + 3048, 0 = 2*y - 4*p + 20424. Let q be 1/(-5) - y/30. Suppose -c + 2*c = -2, q = 3*o + c. What is the tens digit of o?
1
Let y(w) = -w**2 + 12*w - 10. Let h be y(12). What is the tens digit of 8940/44 - h/(-55)?
0
What is the units digit of ((-12)/10)/(2/(-2640)) - 6?
8
Let n(a) be the second derivative of -13*a**3/6 - 55*a**2/2 - 49*a. What is the hundreds digit of n(-23)?
2
Let v = 29070 - 18817. What is the thousands digit of v?
0
Let t(p) = -8*p**2 - 5*p - 4. Let u be t(-1). Let n(b) = 7*b**2 + 3*b - 14. Let s be n(u). Suppose -14*k + s = -658. What is the tens digit of k?
6
Let k(f) = -15*f + 3. Let t be k(-2). Let i(m) = -2*m**2 + 87*m - 3. What is the tens digit of i(t)?
9
What is the thousands digit of (10 + (-9899)/95)*(-89 - 1)?
8
Let x = -2586 - -4643. What is the units digit of x?
7
Let c(y) = -7234*y - 3863. What is the tens digit of c(-3)?
3
Let b = 2590 - -4103. What is the thousands digit of b?
6
Suppose -4*l - 5376 - 2231 = 5*z, 3*z = -l - 4567. Let k = -643 - z. What is the units digit of k?
0
Suppose -6*g + 25*g = 95. Suppose -g*y = -14*y + 1809. What is the units digit of y?
1
Let h(d) = -200*d**3 + 3*d**2 - 9*d - 27. What is the hundreds digit of h(-3)?
4
Let i(b) = 30*b**2 + 20*b + 134. What is the tens digit of i(-11)?
4
Let p be -3 - 5/(-5)*3. Suppose p = t - 8*t + 12124. Suppose 7*n = t + 165. What is the hundreds digit of n?
2
Let u(d) = 395*d + 1197. What is the units digit of u(12)?
7
Suppose -5250 = 24*k + 4974. Let v = 7 + -8. What is the hundreds digit of k/9*-3 - (-2 - v)?
1
Suppose -5767 = -25*j + 1983. Let m = j + 452. What is the hundreds digit of m?
7
Let q(f) = 2*f**2 + 39*f + 700. What is the tens digit of q(53)?
8
Let a(o) = -379*o - 104. Let h be a(-6). Suppose 5*m + h = -2*t + 7*t, -852 = -2*t - 2*m. What is the hundreds digit of t?
4
Let y = -10 - 93. Suppose 3*p = -3, 0*w + 237 = w - p. Let t = w + y. What is the units digit of t?
3
Suppose -74*v = 337 - 41. Let z = 1 + 1. What is the units digit of 3 + 30/4 + z/v?
0
What is the tens digit of (5448/30)/(((-15)/25*-1)/24)?
6
Let b(v) = v**2 + 2*v - 36. Let x(w) = w. Let a(q) = b(q) - 3*x(q). Let c be a(0). Let j = c + 100. What is the tens digit of j?
6
Suppose -2*w = 2*n - 4*n, 0 = -w + 3. Let c(t) = t**2 - t - 5. Let d be c(n). What is the units digit of (-494)/13*d/(-2)?
9
Let h = -208 - -210. What is the units digit of h/10 - 1258/(-10)?
6
Let y be -3 + 5 + -5 + 5. Suppose 5*f = -w + 6*f + 543, w + y*f - 537 = 0. What is the hundreds digit of w?
5
Let t(u) = u + 12. Let p(f) be the second derivative of f**5/20 + f**4/2 + 5*f**3/6 - f**2/2 - 4*f. Let v be p(-3). What is the tens digit of t(v)?
2
What is the hundreds digit of (-256600)/(-20)*(-176)/(-55)?
0
Let j(o) = -o**2 + 4*o + 1. Let h be j(3). Let q = 736 + -744. Let u = h - q. What is the units digit of u?
2
Let z(r) = r**3 + 11*r**2 + 9*r - 8. Let h be z(-10). Suppose h - 26 = -3*j. Let p(l) = 5*l + 8. What is the units digit of p(j)?
8
Suppose -4*q = -k - 12, 9*k + 4*q = 4*k + 12. Suppose 3*y - 12*i + 15*i = 630, k = -2*i. What is the units digit of y?
0
Let h = -1819 + 3374. Let y = h - 388. What is the thousands digit of y?
1
Suppose 0 = 4*y + 5*j + 955, 2*y = -5*j - 457 - 18. What is the units digit of y/36*1/(2/(-147))?
0
Let x = 273 - -1968. What is the tens digit of x?
4
Let m(y) = y**3 - 16*y**2 - 15*y - 29. Let n be m(17). Suppose -77 = -2*v + 1913. Suppose n*g - v = -320. What is the units digit of g?
5
Suppose 13*g - 11*g = 6. Suppose 0 = -s - 5*i + 143, -g*i + 3 = -0*i. What is the hundreds digit of s?
1
Let i(p) = p - 22. Let w be i(24). Suppose 2*m - w*s + 4*s + 32 = 0, -8 = 2*s. What is the tens digit of ((-4)/m)/(2/(1*66))?
1
Suppose -16*p - 2*z = -13*p - 10, -4*p + 5 = z. Suppose 4*q + 12 = p, 5*y - 45 - 36 = -3*q. What is the units digit of y?
8
Suppose -4*i + 14925 + 26273 = -2*u, 4*i - u - 41191 = 0. What is the hundreds digit of i?
2
Suppose -2*x = -x - 2. Suppose 424 = 7*w - x*w - 2*y, 5*y - 15 = 0. Let d = w - -60. What is the hundreds digit of d?
1
What is the tens digit of (-28854)/((-168)/12) - -5?
6
Let m = -53905 + 76649. What is the ten thousands digit of m?
2
Suppose -7*b + 27 - 6 = 0. Let x be 5/45*15*b. Let l(o) = 2*o**2 + 2*o - 11. What is the units digit of l(x)?
9
Let s = 1001 + -318. Let b = s + -430. Suppose 4*h - c = 521, 3*h - b = h - c. What is the tens digit of h?
2
Let f = -287 - -224. Let a be -5*((-192)/10 + -2). Let b = f + a. What is the tens digit of b?
4
Suppose 10*x - 15*x = -6215. Suppose 399 = 5*h - 5*g - 2711, -2*h + g + x = 0. What is the hundreds digit of h?
6
Suppose -5*k = -5*i - 2 + 52, 5*k = 4*i - 36. Suppose i*t + 59 = 15*t. What is the units digit of t?
9
Suppose -275402 + 2968910 = 193*s. What is the ten thousands digit of s?
1
Let y(s) = 2*s**3 - 5*s**2 + 6*s - 10. Let x be y(3). Suppose x = 5*t + 2. Suppose -4*c + d + 482 = t*d, -d = -2*c + 247. What is the units digit of c?
2
Let b(d) = -d**3 + 25*d**2 + d - 56. What is the hundreds digit of b(23)?
0
Let t(y) = 72*y - 12. Let p(r) = -3*r + 1. Let x(z) = 9*p(z) + t(z). Let s = 7 - 5. What is the tens digit of x(s)?
8
Let o(q) = 2*q + 6*q**2 + 0*q**2 - 234*q**3 - 252*q**3 - 3*q**2. What is the tens digit of o(-1)?
8
Suppose 3*x + 5*c = 4*c + 1927, x + 5*c = 661. Suppose -2885 = -5*q - 4*l + 326, q + 2*l = x. What is the hundreds digit of q?
6
Let g(o) = 3*o**2 - 8*o + 12. Let s be g(4). Let q = s - -32. Let y = q - 25. What is the tens digit of y?
3
Suppose -14 = -3*u - 3*m - 5, 4*u - 10 = -3*m. What is the tens digit of -3 + ((-588)/(-3) + u - 3)?
9
Let j(g) = 102*g**2 + 264*g + 102. Let l(k) = -12*k**2 - 31*k - 12. Let p(o) = 5*j(o) + 42*l(o). Let h be p(-6). Let y = h - 106. What is the units digit of y?
8
Let r(b) be the third derivative of b**5/30 + 11*b**4/24 - 61*b**3/6 + 3*b**2. What is the units digit of r(-25)?
4
Let l(m) = -m + 5198*m**3 - 5192*m**3 - 5*m + 5 - 13*m**2. What is the hundreds digit of l(5)?
4
Suppose -3*s = 4*w - 44744, -58159 + 2206 = -5*w + 2*s. What is the thousands digit of w?
1
Let i(c) = -c + 9. Let f be i(7). Suppose 0 = 4*b + 4*t - 248, 3*b = 4*b - f*t - 53. Suppose -299 + b = -4*s. What is the tens digit of s?
6
What is the units digit of (((10 - 7) + -3)/(-1))/1 + 24223?
3
Let i = -8764 + 17120. What is the thousands digit of i?
8
Suppose -y + 3*v = -53, -3*y + 4*v = v - 141. Let n be (14/(-4))/((-2)/y). Let x = 161 - n. What is the units digit of x?
4
Suppose -5*t + 5*b + 835 = 0, 503 = 3*t - 0*b - b. Suppose 4*n - t = 4*d, 5*n + 2*d - 220 + 17 = 0. What is the units digit of n?
1
Suppose -270357 = 102*r - 826563. What is the hundreds digit of r?
4
Let n(r) = r**3 - 5*r**2 - 5*r - 4